{"id":94,"date":"2014-10-09T22:33:34","date_gmt":"2014-10-09T20:33:34","guid":{"rendered":"http:\/\/www.strutz.co.at\/site\/?page_id=94"},"modified":"2015-03-04T20:56:37","modified_gmt":"2015-03-04T18:56:37","slug":"fliesen","status":"publish","type":"page","link":"http:\/\/www.strutz.co.at\/site\/fliesen\/","title":{"rendered":"Fliesen"},"content":{"rendered":"<h4>Fliesen<\/h4>\n<figure id=\"attachment_573\" aria-describedby=\"caption-attachment-573\" style=\"width: 300px\" class=\"wp-caption alignright\"><a href=\"http:\/\/www.strutz.co.at\/site\/wp-content\/uploads\/2015\/02\/Metall-Marmor.jpg\"><img loading=\"lazy\" decoding=\"async\" class=\"size-medium wp-image-573\" src=\"http:\/\/www.strutz.co.at\/site\/wp-content\/uploads\/2015\/02\/Metall-Marmor-300x201.jpg\" alt=\"Fliese Metall - Marmor\" width=\"300\" height=\"201\" srcset=\"http:\/\/www.strutz.co.at\/site\/wp-content\/uploads\/2015\/02\/Metall-Marmor-300x201.jpg 300w, http:\/\/www.strutz.co.at\/site\/wp-content\/uploads\/2015\/02\/Metall-Marmor.jpg 800w\" sizes=\"auto, (max-width: 300px) 100vw, 300px\" \/><\/a><figcaption id=\"caption-attachment-573\" class=\"wp-caption-text\">Metall &#8211; Marmor<\/figcaption><\/figure>\n<p>Ob Badezimmermosaike, Ziegelplatten f\u00fcr K\u00fcche oder Vorraum bzw. Natursteine f\u00fcr den Au\u00dfenbereich &#8211; wir setzen auch Ihre ausgefallensten W\u00fcnsche um.<\/p>\n<p>Metall, Glas, Keramik im kreativen Zusammenspiel erzeugen Spannung und Kontrast und wirken harmonisch in ihrer Gesamtheit.<\/p>\n","protected":false},"excerpt":{"rendered":"<p>Fliesen Ob Badezimmermosaike, Ziegelplatten f\u00fcr K\u00fcche oder Vorraum bzw. Natursteine f\u00fcr den Au\u00dfenbereich &#8211; wir setzen auch Ihre ausgefallensten W\u00fcnsche um. Metall, Glas, Keramik im kreativen Zusammenspiel erzeugen Spannung und Kontrast und wirken harmonisch in ihrer Gesamtheit.<\/p>\n","protected":false},"author":2,"featured_media":0,"parent":0,"menu_order":0,"comment_status":"closed","ping_status":"closed","template":"","meta":{"ngg_post_thumbnail":0,"footnotes":""},"class_list":["post-94","page","type-page","status-publish","hentry"],"yoast_head":"<!-- This site is optimized with the Yoast SEO plugin v27.4 - https:\/\/yoast.com\/product\/yoast-seo-wordpress\/ -->\n<title>Fliesen - Hafnermeister Stefan Strutz<\/title>\n<meta name=\"description\" content=\"Alle Arten von Fliesenverlegearbeiten im und au\u00dferhalb des Haushalts. Kreative Gestaltung unter Einsatz unterschiedlicher Materialien wie Keramik, Glas, Metall und Spiegel.\" \/>\n<meta name=\"robots\" content=\"index, follow, max-snippet:-1, max-image-preview:large, max-video-preview:-1\" \/>\n<link rel=\"canonical\" href=\"http:\/\/www.strutz.co.at\/site\/fliesen\/\" \/>\n<meta property=\"og:locale\" content=\"de_DE\" \/>\n<meta property=\"og:type\" content=\"article\" \/>\n<meta property=\"og:title\" content=\"Fliesen - Hafnermeister Stefan Strutz\" \/>\n<meta property=\"og:description\" content=\"Alle Arten von Fliesenverlegearbeiten im und au\u00dferhalb des Haushalts. Kreative Gestaltung unter Einsatz unterschiedlicher Materialien wie Keramik, Glas, Metall und Spiegel.\" \/>\n<meta property=\"og:url\" content=\"http:\/\/www.strutz.co.at\/site\/fliesen\/\" \/>\n<meta property=\"og:site_name\" content=\"Hafnermeister Stefan Strutz\" \/>\n<meta property=\"article:modified_time\" content=\"2015-03-04T18:56:37+00:00\" \/>\n<meta property=\"og:image\" content=\"http:\/\/www.strutz.co.at\/site\/wp-content\/uploads\/2015\/02\/Metall-Marmor-300x201.jpg\" \/>\n<script type=\"application\/ld+json\" class=\"yoast-schema-graph\">{\"@context\":\"https:\\\/\\\/schema.org\",\"@graph\":[{\"@type\":\"WebPage\",\"@id\":\"http:\\\/\\\/www.strutz.co.at\\\/site\\\/fliesen\\\/\",\"url\":\"http:\\\/\\\/www.strutz.co.at\\\/site\\\/fliesen\\\/\",\"name\":\"Fliesen - Hafnermeister Stefan Strutz\",\"isPartOf\":{\"@id\":\"http:\\\/\\\/www.strutz.co.at\\\/site\\\/#website\"},\"primaryImageOfPage\":{\"@id\":\"http:\\\/\\\/www.strutz.co.at\\\/site\\\/fliesen\\\/#primaryimage\"},\"image\":{\"@id\":\"http:\\\/\\\/www.strutz.co.at\\\/site\\\/fliesen\\\/#primaryimage\"},\"thumbnailUrl\":\"http:\\\/\\\/www.strutz.co.at\\\/site\\\/wp-content\\\/uploads\\\/2015\\\/02\\\/Metall-Marmor-300x201.jpg\",\"datePublished\":\"2014-10-09T20:33:34+00:00\",\"dateModified\":\"2015-03-04T18:56:37+00:00\",\"description\":\"Alle Arten von Fliesenverlegearbeiten im und au\u00dferhalb des Haushalts. Kreative Gestaltung unter Einsatz unterschiedlicher Materialien wie Keramik, Glas, Metall und Spiegel.\",\"breadcrumb\":{\"@id\":\"http:\\\/\\\/www.strutz.co.at\\\/site\\\/fliesen\\\/#breadcrumb\"},\"inLanguage\":\"de\",\"potentialAction\":[{\"@type\":\"ReadAction\",\"target\":[\"http:\\\/\\\/www.strutz.co.at\\\/site\\\/fliesen\\\/\"]}]},{\"@type\":\"ImageObject\",\"inLanguage\":\"de\",\"@id\":\"http:\\\/\\\/www.strutz.co.at\\\/site\\\/fliesen\\\/#primaryimage\",\"url\":\"http:\\\/\\\/www.strutz.co.at\\\/site\\\/wp-content\\\/uploads\\\/2015\\\/02\\\/Metall-Marmor.jpg\",\"contentUrl\":\"http:\\\/\\\/www.strutz.co.at\\\/site\\\/wp-content\\\/uploads\\\/2015\\\/02\\\/Metall-Marmor.jpg\",\"width\":800,\"height\":536,\"caption\":\"Metall - Marmor\"},{\"@type\":\"BreadcrumbList\",\"@id\":\"http:\\\/\\\/www.strutz.co.at\\\/site\\\/fliesen\\\/#breadcrumb\",\"itemListElement\":[{\"@type\":\"ListItem\",\"position\":1,\"name\":\"Home\",\"item\":\"http:\\\/\\\/www.strutz.co.at\\\/site\\\/\"},{\"@type\":\"ListItem\",\"position\":2,\"name\":\"Fliesen\"}]},{\"@type\":\"WebSite\",\"@id\":\"http:\\\/\\\/www.strutz.co.at\\\/site\\\/#website\",\"url\":\"http:\\\/\\\/www.strutz.co.at\\\/site\\\/\",\"name\":\"Hafnermeister Stefan Strutz\",\"description\":\"\u00d6fen, Fliesen &amp; Keramik\",\"potentialAction\":[{\"@type\":\"SearchAction\",\"target\":{\"@type\":\"EntryPoint\",\"urlTemplate\":\"http:\\\/\\\/www.strutz.co.at\\\/site\\\/?s={search_term_string}\"},\"query-input\":{\"@type\":\"PropertyValueSpecification\",\"valueRequired\":true,\"valueName\":\"search_term_string\"}}],\"inLanguage\":\"de\"}]}<\/script>\n<!-- \/ Yoast SEO plugin. -->","yoast_head_json":{"title":"Fliesen - Hafnermeister Stefan Strutz","description":"Alle Arten von Fliesenverlegearbeiten im und au\u00dferhalb des Haushalts. Kreative Gestaltung unter Einsatz unterschiedlicher Materialien wie Keramik, Glas, Metall und Spiegel.","robots":{"index":"index","follow":"follow","max-snippet":"max-snippet:-1","max-image-preview":"max-image-preview:large","max-video-preview":"max-video-preview:-1"},"canonical":"http:\/\/www.strutz.co.at\/site\/fliesen\/","og_locale":"de_DE","og_type":"article","og_title":"Fliesen - Hafnermeister Stefan Strutz","og_description":"Alle Arten von Fliesenverlegearbeiten im und au\u00dferhalb des Haushalts. Kreative Gestaltung unter Einsatz unterschiedlicher Materialien wie Keramik, Glas, Metall und Spiegel.","og_url":"http:\/\/www.strutz.co.at\/site\/fliesen\/","og_site_name":"Hafnermeister Stefan Strutz","article_modified_time":"2015-03-04T18:56:37+00:00","og_image":[{"url":"http:\/\/www.strutz.co.at\/site\/wp-content\/uploads\/2015\/02\/Metall-Marmor-300x201.jpg","type":"","width":"","height":""}],"schema":{"@context":"https:\/\/schema.org","@graph":[{"@type":"WebPage","@id":"http:\/\/www.strutz.co.at\/site\/fliesen\/","url":"http:\/\/www.strutz.co.at\/site\/fliesen\/","name":"Fliesen - Hafnermeister Stefan Strutz","isPartOf":{"@id":"http:\/\/www.strutz.co.at\/site\/#website"},"primaryImageOfPage":{"@id":"http:\/\/www.strutz.co.at\/site\/fliesen\/#primaryimage"},"image":{"@id":"http:\/\/www.strutz.co.at\/site\/fliesen\/#primaryimage"},"thumbnailUrl":"http:\/\/www.strutz.co.at\/site\/wp-content\/uploads\/2015\/02\/Metall-Marmor-300x201.jpg","datePublished":"2014-10-09T20:33:34+00:00","dateModified":"2015-03-04T18:56:37+00:00","description":"Alle Arten von Fliesenverlegearbeiten im und au\u00dferhalb des Haushalts. Kreative Gestaltung unter Einsatz unterschiedlicher Materialien wie Keramik, Glas, Metall und Spiegel.","breadcrumb":{"@id":"http:\/\/www.strutz.co.at\/site\/fliesen\/#breadcrumb"},"inLanguage":"de","potentialAction":[{"@type":"ReadAction","target":["http:\/\/www.strutz.co.at\/site\/fliesen\/"]}]},{"@type":"ImageObject","inLanguage":"de","@id":"http:\/\/www.strutz.co.at\/site\/fliesen\/#primaryimage","url":"http:\/\/www.strutz.co.at\/site\/wp-content\/uploads\/2015\/02\/Metall-Marmor.jpg","contentUrl":"http:\/\/www.strutz.co.at\/site\/wp-content\/uploads\/2015\/02\/Metall-Marmor.jpg","width":800,"height":536,"caption":"Metall - Marmor"},{"@type":"BreadcrumbList","@id":"http:\/\/www.strutz.co.at\/site\/fliesen\/#breadcrumb","itemListElement":[{"@type":"ListItem","position":1,"name":"Home","item":"http:\/\/www.strutz.co.at\/site\/"},{"@type":"ListItem","position":2,"name":"Fliesen"}]},{"@type":"WebSite","@id":"http:\/\/www.strutz.co.at\/site\/#website","url":"http:\/\/www.strutz.co.at\/site\/","name":"Hafnermeister Stefan Strutz","description":"\u00d6fen, Fliesen &amp; Keramik","potentialAction":[{"@type":"SearchAction","target":{"@type":"EntryPoint","urlTemplate":"http:\/\/www.strutz.co.at\/site\/?s={search_term_string}"},"query-input":{"@type":"PropertyValueSpecification","valueRequired":true,"valueName":"search_term_string"}}],"inLanguage":"de"}]}},"_links":{"self":[{"href":"http:\/\/www.strutz.co.at\/site\/wp-json\/wp\/v2\/pages\/94","targetHints":{"allow":["GET"]}}],"collection":[{"href":"http:\/\/www.strutz.co.at\/site\/wp-json\/wp\/v2\/pages"}],"about":[{"href":"http:\/\/www.strutz.co.at\/site\/wp-json\/wp\/v2\/types\/page"}],"author":[{"embeddable":true,"href":"http:\/\/www.strutz.co.at\/site\/wp-json\/wp\/v2\/users\/2"}],"replies":[{"embeddable":true,"href":"http:\/\/www.strutz.co.at\/site\/wp-json\/wp\/v2\/comments?post=94"}],"version-history":[{"count":8,"href":"http:\/\/www.strutz.co.at\/site\/wp-json\/wp\/v2\/pages\/94\/revisions"}],"predecessor-version":[{"id":574,"href":"http:\/\/www.strutz.co.at\/site\/wp-json\/wp\/v2\/pages\/94\/revisions\/574"}],"wp:attachment":[{"href":"http:\/\/www.strutz.co.at\/site\/wp-json\/wp\/v2\/media?parent=94"}],"curies":[{"name":"wp","href":"https:\/\/api.w.org\/{rel}","templated":true}]}}